4 - -13780. What is the hundreds digit of m?
6
Suppose 5*l = -4*w + 47, 7*w - 35 = 3*w - l. What is the hundreds digit of 3*(-65)/36*w*-9?
3
Let z(i) = -80*i + 276. Let j be 8/(-16) + 145/(-10). What is the units digit of z(j)?
6
Suppose -2*p = -159 + 7. Let i be 5/(2 - p/48). Suppose -i*y + 291 + 453 = 0. What is the units digit of y?
2
Suppose 49 = 3*o - 4*j, -3*o + 7*o = -2*j + 58. Suppose 5*w + o = 0, 4*w = -8*u + 4*u + 840. What is the hundreds digit of u?
2
Let m be (-33)/2*(-4)/(-6). Let s(x) = x**3 - 8*x**2 + 18*x - 38. Let v be s(6). What is the tens digit of (1 + (-3)/v)/(m/(-638))?
4
Suppose -5*x + 4*t + 45588 = 11430, 5*t = -4*x + 27351. What is the units digit of x?
4
Suppose -766134 = -9*m - 4*m + 33457. What is the tens digit of m?
0
Let h = 2434 - -22110. What is the hundreds digit of h?
5
Let j(t) = -t**3 + 11*t**2 + 26*t + 5. Let a be j(13). Suppose a*q = 2*h - 3152, 2*h - q = 163 + 3005. What is the hundreds digit of h?
5
Suppose -5*n + 2963 = 11*l - 9*l, 5*n + l = 2964. Let a = 165 + n. What is the units digit of a?
8
Suppose 0 = -35*s + 487091 - 61106. What is the tens digit of s?
7
Let c(y) = 88*y + 138. Let v(f) = -30*f - 55. Let h(i) = 3*c(i) + 8*v(i). Suppose -3*r = -0*r - 24. What is the tens digit of h(r)?
6
Let d(c) = 2*c**2 + 7*c + 6. Let b(l) = -l**3 - 18*l**2 - 2*l - 39. Let j be b(-18). Let v be d(j). What is the tens digit of v - (1*3 - (102 - 9))?
9
Let c(f) = 2*f**3 - f**2 - 1. Let z(w) = 4*w**3 + 8*w**2 + 6*w + 4. Let x(h) = 3*c(h) - z(h). What is the hundreds digit of x(8)?
2
Suppose 3 = 4*k + 215. Suppose -4*d - 52 = -2*d. Let r = d - k. What is the tens digit of r?
2
Suppose -84668 = 13*w - 497938 - 13260. What is the ten thousands digit of w?
3
Suppose -t - 5*t + 300 = 0. Suppose 0 = n + 20 - t. Suppose 0*d + d = -j + n, -75 = -2*d - 5*j. What is the tens digit of d?
2
Suppose 48*f = 53*f - 23330. Suppose -5974 - f = -7*r. What is the units digit of r?
0
Let k(x) = -67*x**3 + 6*x**2 + 10*x + 3. Let v(i) = 13*i - 80. Let r be v(6). What is the hundreds digit of k(r)?
5
Let n(c) = c**3 + 42*c**2 + 209*c - 25. What is the hundreds digit of n(-26)?
3
What is the thousands digit of ((-9164)/464)/((-1)/792)?
5
Suppose -3*t + 4*q + 12 = 0, -q = 4*q + 15. Suppose -c + 1 = 0, z - 4*c = -t*c + 861. What is the tens digit of z?
6
Suppose -3*c = -5*x + 17465, 4*x - 9*x = 5*c - 17425. Suppose x = -2*d + 7*d. What is the hundreds digit of d?
6
Let m(g) = -20*g**2 + g**3 - 10 + 9*g**2 - 14*g**2 + 25*g. Let o be m(24). What is the tens digit of (0 - 4/o) + (-3768)/(-56)?
6
What is the tens digit of 3703300/190 - 3/57?
9
Suppose 259*v - 231*v - 107608 = 173260. What is the ten thousands digit of v?
1
Let s = -3551 - -7894. What is the thousands digit of s?
4
Suppose 17011 + 1625414 = 25*b. What is the ten thousands digit of b?
6
Suppose 0 = -5*p - 4*u + 51 + 91, -p = 3*u - 35. Let x(f) = -f**3 + 28*f**2 - 43*f - 7. What is the units digit of x(p)?
7
Let a(q) be the third derivative of -11*q**4/24 - q**3 - 23*q**2. Let f be a(-15). Suppose 8*s - 97 = f. What is the units digit of s?
2
Suppose 5*q = -10, -3*q = -3*r + 32881 + 25940. What is the thousands digit of r?
9
Suppose -2*f - 3*a + 183 = 0, 5*f - 495 = -0*f + 5*a. Let y = -24 + f. Let v = 118 - y. What is the units digit of v?
6
Let y(i) = 13*i**3 + 5*i**2 + 109*i + 89. What is the ten thousands digit of y(11)?
1
Let m = -41252 + 60816. What is the units digit of m?
4
Suppose -117*l + 118*l - 10747 = -h, 4*l - 32243 = -3*h. What is the thousands digit of h?
0
Let f = -814 + 816. Suppose -f*v = 5*i - 467, -4*i - 630 = -2*v - 154. What is the units digit of v?
6
Let a be (-72)/10*((-210)/4)/(-7). Let c = 59 + a. Suppose -6*v = -7*v + c. What is the units digit of v?
5
Let u = 28 + 1. Let z = -27 + u. Let f(i) = 17*i**3 + 4*i**2 - 4*i + 4. What is the tens digit of f(z)?
4
Suppose 0 = 3*g - 8*g - x + 131, -2*x - 102 = -4*g. Let n = 29 - g. Suppose -5*b = 0, 0 - 12 = -q + n*b. What is the tens digit of q?
1
Suppose -13*b - 23900 = -23*b. What is the units digit of b?
0
Suppose 110117 - 186599 = -11*n + 229230. What is the units digit of n?
2
Suppose -458 = -2*c + 4*n, -5*c - 2*n - 3*n + 1070 = 0. Suppose -2*s + 17 + c = 0. Suppose a = s + 40. What is the tens digit of a?
5
Let k(y) be the third derivative of -y**5/60 - 7*y**4/3 - 61*y**3/6 + 168*y**2. What is the tens digit of k(-53)?
9
What is the tens digit of (6/(-4))/((62/26788)/(-31))?
9
Let w(v) = -155*v + 710. What is the tens digit of w(-63)?
7
Let i = 11143 + -7271. What is the thousands digit of i?
3
Suppose 1626 = y - 2*w, 4*w - 11 = -19. What is the units digit of y?
2
Let t = 546 + -564. What is the units digit of 694 - t/15*5?
0
Suppose -7*r + 92043 = 21140. What is the thousands digit of r?
0
What is the hundreds digit of 13*(-40)/1820 - (-122411)/7?
4
Let d(x) = 194*x**2 + 596*x - 3553. What is the thousands digit of d(6)?
7
Suppose -9*k = -12*k + 27. Suppose -k*s = 9042 - 3075. What is the tens digit of (s/(-12))/(1*(-3)/(-12))?
2
Let a(j) = 5273*j - 178. What is the units digit of a(2)?
8
Suppose 5*l + f - 25287 - 22162 = 0, 0 = 5*l - 3*f - 47453. What is the units digit of l?
0
Let a = 3 - -84. Suppose -374 = -a*c + 86*c. What is the hundreds digit of c?
3
What is the hundreds digit of (5256/252)/(1/322)?
7
Let r be (1*3)/(8/(48/6)). Suppose 327 = 5*i + q + r*q, 5*i = -q + 333. Let n = -36 + i. What is the tens digit of n?
3
Let s(d) = -d**3 - 9*d**2 + 9*d + 17. Let m = -122 - -126. Suppose 2*t - m*k + 38 = 0, 3*t + t + 40 = -k. What is the units digit of s(t)?
0
Let h(z) = -3*z**2 + 33*z + 31. Let b be h(11). Suppose -15*q - b*q = -64952. What is the thousands digit of q?
1
Let v(b) = 58*b - 1456. Let g be v(25). Suppose 0 = 5*s - 3*f - 551, -3*s + 7*s = -4*f + 460. Let u = g + s. What is the tens digit of u?
0
Let y be (-18)/108 + (-19)/(-6). Let u be ((-2)/4)/(y/(-6)). What is the units digit of (u + -2)/(83/(-41) - -2)?
1
Suppose 194790 = 32*l - 30620 - 102302. What is the hundreds digit of l?
2
Suppose 0 = 34*d - 5*d + 15109. Let p = d - -1105. What is the tens digit of p?
8
Let b(z) = -z**2 - z + 4. Let y be b(-2). Suppose 2034 = y*p + 4*u, 3*u = -24*p + 23*p + 1019. What is the units digit of p?
3
Let q(g) = g**2 - 5*g - 17. Let w be q(7). Let i be -1 - ((w - 492) + -2). Suppose 0 = 8*f - 12*f + i. What is the units digit of f?
4
Let k(v) = -8*v - 21. Let o(b) = 4*b + 11. Let u(n) = -4*k(n) - 7*o(n). Let l be u(9). Suppose 0 = -y + 18 + l. What is the tens digit of y?
6
Let b = -23045 + 58847. What is the hundreds digit of b?
8
Let t(m) be the first derivative of -231*m**2/2 - 31*m + 296. What is the hundreds digit of t(-3)?
6
Suppose -8*f = -14 - 58. Suppose -f*u + 13*u = 8*u. Suppose -7*i + i + 1344 = u. What is the units digit of i?
4
Suppose 5*u + 3*p - 3986 = 0, 17*p - 15*p - 3984 = -5*u. What is the tens digit of u?
9
Suppose 0 = 4*d - 49 - 19. Suppose d = 3*s - 88. Let w = 18 + s. What is the units digit of w?
3
Let z(j) = -5*j**3 + 5*j + 10 - 393*j**2 - 391*j**2 - 384*j**2 + 1163*j**2. What is the tens digit of z(-5)?
8
What is the tens digit of (-5388)/(-14)*560/48?
9
Let c = 47 - 249. Let o = -106 - c. What is the hundreds digit of o/(((-1)/2)/((-4)/6))?
1
Suppose -85*c + 39108 = -81*c. What is the tens digit of c?
7
Let r(f) = -f + 25. Let z be r(11). Let w(q) = -3*q + 48. Let a be w(z). Let b = 56 + a. What is the units digit of b?
2
Let b = 79 + -77. Suppose -b*s = 5*w - 1897, -15*s - 5*w = -11*s - 3819. Suppose -7*a + 488 = -s. What is the hundreds digit of a?
2
Suppose d - 629*c = -627*c + 11723, 2*d - 23392 = -5*c. What is the thousands digit of d?
1
Let v(l) be the second derivative of l**3/6 + 69*l**2/2 - 11*l + 1. What is the units digit of v(19)?
8
Let s(k) = 124*k**2 + 24*k - 58. What is the tens digit of s(-8)?
8
Let k = -29 + -146. Suppose -7*c + 4*c = 12. Let m = c - k. What is the hundreds digit of m?
1
Let x be (-84)/9 + (-1 - 3/(-9)). Let b(q) = -q**3 - 7*q**2 + 12*q - 27. What is the hundreds digit of b(x)?
1
Suppose 3*z - 6738 = 3*m, 3183 = -3*m + 5*z - 3555. Let d = 3508 + m. What is the tens digit of d?
6
Let h = -438 + 1512. Suppose 0*t + 2*t + h = 3*y, 0 = 2*t. What is the units digit of y?
8
Let a(d) be the third derivative of -3*d**7/280 - d**5/60 + 15*d*